{"id":1660,"date":"2017-09-25T15:01:14","date_gmt":"2017-09-25T13:01:14","guid":{"rendered":"http:\/\/hausaerzte-flensburg.de\/wordpress\/?page_id=1660"},"modified":"2018-05-31T08:24:50","modified_gmt":"2018-05-31T06:24:50","slug":"rezeptbestellung","status":"publish","type":"page","link":"https:\/\/www.hausaerzte-flensburg.de\/wordpress\/?page_id=1660","title":{"rendered":"Rezeptbestellung"},"content":{"rendered":"<p style=\"text-align: justify;\">Sie k\u00f6nnen Online Rezepte bestellen, f\u00fcr Medikamente, die Sie regelm\u00e4\u00dfig einnehmen, also Ihre Dauermedikation. F\u00fcr diese haben Sie von uns einen Medikamentenplan erhalten in dem Sie Ihre Dauermedikation finden. Sollten Sie noch keinen aktuellen, neuen bundeseinheitlichen Medikationsplan haben, sprechen Sie uns bitte an. Unsere Mitarbeiterinnen erstellen Ihnen dann gerne einen aktuellen Plan.<\/p>\n<p style=\"text-align: justify;\">Medikamente die Sie von anderen \u00c4rzten verordnet bekommen haben k\u00f6nnen wir Ihnen nicht verordnen. Hier sprechen Sei bitte die jeweilige Arztpraxis an. Medikamente die nicht zur Dauereinnahme gedacht sind, wie zum Beispiel Schmerzmedikamente, Cremes und Salben, auch Schlaftabletten, k\u00f6nnen Sie nicht Online bestellen. Hier ist immer ein Besuch in unserer Praxis erforderlich.<\/p>\n<p style=\"text-align: center;\"><a href=\"https:\/\/home.cgm-life.de\/gmpengelsby\"><strong>Hier gehts zur Online Rezeptbestellung:<\/strong><\/a>\u00a0<a href=\"https:\/\/hausaerzte-flensburg.de\/wordpress\/wp-content\/uploads\/2018\/03\/Symbol-Link.png\"><img loading=\"lazy\" decoding=\"async\" class=\"size-full wp-image-1766 alignnone\" src=\"https:\/\/hausaerzte-flensburg.de\/wordpress\/wp-content\/uploads\/2018\/03\/Symbol-Link.png\" alt=\"\" width=\"27\" height=\"26\" \/><\/a><\/p>\n","protected":false},"excerpt":{"rendered":"<p>Sie k\u00f6nnen Online Rezepte bestellen, f\u00fcr Medikamente, die Sie regelm\u00e4\u00dfig einnehmen, also Ihre Dauermedikation. F\u00fcr diese haben Sie von uns einen Medikamentenplan erhalten in dem Sie Ihre Dauermedikation finden. Sollten Sie noch keinen aktuellen, neuen bundeseinheitlichen Medikationsplan haben, sprechen Sie uns bitte an. Unsere Mitarbeiterinnen erstellen Ihnen dann gerne einen aktuellen Plan. Medikamente die Sie [&hellip;]<\/p>\n","protected":false},"author":1,"featured_media":0,"parent":0,"menu_order":0,"comment_status":"closed","ping_status":"closed","template":"","meta":{"footnotes":""},"class_list":["post-1660","page","type-page","status-publish","hentry"],"_links":{"self":[{"href":"https:\/\/www.hausaerzte-flensburg.de\/wordpress\/index.php?rest_route=\/wp\/v2\/pages\/1660","targetHints":{"allow":["GET"]}}],"collection":[{"href":"https:\/\/www.hausaerzte-flensburg.de\/wordpress\/index.php?rest_route=\/wp\/v2\/pages"}],"about":[{"href":"https:\/\/www.hausaerzte-flensburg.de\/wordpress\/index.php?rest_route=\/wp\/v2\/types\/page"}],"author":[{"embeddable":true,"href":"https:\/\/www.hausaerzte-flensburg.de\/wordpress\/index.php?rest_route=\/wp\/v2\/users\/1"}],"replies":[{"embeddable":true,"href":"https:\/\/www.hausaerzte-flensburg.de\/wordpress\/index.php?rest_route=%2Fwp%2Fv2%2Fcomments&post=1660"}],"version-history":[{"count":10,"href":"https:\/\/www.hausaerzte-flensburg.de\/wordpress\/index.php?rest_route=\/wp\/v2\/pages\/1660\/revisions"}],"predecessor-version":[{"id":1909,"href":"https:\/\/www.hausaerzte-flensburg.de\/wordpress\/index.php?rest_route=\/wp\/v2\/pages\/1660\/revisions\/1909"}],"wp:attachment":[{"href":"https:\/\/www.hausaerzte-flensburg.de\/wordpress\/index.php?rest_route=%2Fwp%2Fv2%2Fmedia&parent=1660"}],"curies":[{"name":"wp","href":"https:\/\/api.w.org\/{rel}","templated":true}]}}