{"id":1146,"date":"2013-01-20T15:59:47","date_gmt":"2013-01-20T14:59:47","guid":{"rendered":"http:\/\/hausaerzte-flensburg.de\/wordpress\/?page_id=1146"},"modified":"2013-01-20T16:00:59","modified_gmt":"2013-01-20T15:00:59","slug":"reisemedizin","status":"publish","type":"page","link":"https:\/\/www.hausaerzte-flensburg.de\/wordpress\/?page_id=1146","title":{"rendered":"Reisemedizin"},"content":{"rendered":"<p>Vor Antritt einer Urlaubsreise ist es sinnvoll sich auch mit Blick auf die eigene Gesundheit vorzubereiten.<\/p>\n<p>Innerhalb weniger Stunden erreicht man heutzutage auch ferne Urlaubsziele. Eine gr\u00fcndliche Vorbereitung auf das Reiseland sowie auf ver\u00e4nderte Gesundheitsrisiken in der Urlaubsregion ist aus verschiedenen Gr\u00fcnden sinnvoll:<\/p>\n<p>Ob es in ferne L\u00e4nder oder nach Europa geht. Krankheiten und Infektionen k\u00f6nnen Ihren Urlaub und Ihre Gesundheit beeintr\u00e4chtigen. Schon eine Umstellung der Umgebung, des Essens und des Klimas, kann f\u00fcr Ihren K\u00f6rper gesundheitsrelevante Folgen haben. Durch gezielte Vorbeugung und angepasstes Verhalten k\u00f6nnen Sie kleinere Befindlichkeitsst\u00f6rungen und schwerere Gesundheitsgef\u00e4hrdungen vermeiden. Informieren Sie sich aktuell und lassen Sie sich individuell beraten. Damit Sie Ihre Urlaub unbeschwert genie\u00dfen k\u00f6nnen.<\/p>\n<p>Bitte beachten Sie, dass bei manchen Impfungen Zeitabst\u00e4nde einzuhalten sind. Deshalb empfiehlt es sich, einen rechtzeitigen Termin zu vereinbaren. Dieser sollte ca. 8-12 Wochen vor Reiseantritt liegen.<\/p>\n<p><strong>Unser Angebot:<\/strong><\/p>\n<p>Wir \u00fcberpr\u00fcfen Ihren Impfschutz und empfehlen einen Vorsorgeplan f\u00fcr Ihre Reiseroute. Dar\u00fcber hinaus bieten wir Ihnen je nach Zielgebiet auch Informationen zu Themen wie Schutz vor Insektenstichen, Malaria, Sonnenschutz, Zeitverschiebung, klimatische Bedingungen, Fl\u00fcssigkeitsaufnahme und Thrombosevorbeugung an.<\/p>\n<p>Sie erhalten auch einen Vorschlag f\u00fcr die sinnvolle Zusammenstellung Ihrer Reise-Apotheke.<\/p>\n<p>Da eine solche reisemedizinische Beratung, sowie eventuell n\u00f6tige vorbeugende Reise-Impfungen und Medikamente, nicht zu den Leistungen der Krankenkassen geh\u00f6ren erfolgt die Abrechnung entsprechend der \u00e4rztlichen Geb\u00fchrenordnung direkt mit dem Patienten.<\/p>\n","protected":false},"excerpt":{"rendered":"<p>Vor Antritt einer Urlaubsreise ist es sinnvoll sich auch mit Blick auf die eigene Gesundheit vorzubereiten. Innerhalb weniger Stunden erreicht man heutzutage auch ferne Urlaubsziele. Eine gr\u00fcndliche Vorbereitung auf das Reiseland sowie auf ver\u00e4nderte Gesundheitsrisiken in der Urlaubsregion ist aus verschiedenen Gr\u00fcnden sinnvoll: Ob es in ferne L\u00e4nder oder nach Europa geht. Krankheiten und Infektionen [&hellip;]<\/p>\n","protected":false},"author":1,"featured_media":0,"parent":26,"menu_order":0,"comment_status":"closed","ping_status":"closed","template":"","meta":{"footnotes":""},"class_list":["post-1146","page","type-page","status-publish","hentry"],"_links":{"self":[{"href":"https:\/\/www.hausaerzte-flensburg.de\/wordpress\/index.php?rest_route=\/wp\/v2\/pages\/1146","targetHints":{"allow":["GET"]}}],"collection":[{"href":"https:\/\/www.hausaerzte-flensburg.de\/wordpress\/index.php?rest_route=\/wp\/v2\/pages"}],"about":[{"href":"https:\/\/www.hausaerzte-flensburg.de\/wordpress\/index.php?rest_route=\/wp\/v2\/types\/page"}],"author":[{"embeddable":true,"href":"https:\/\/www.hausaerzte-flensburg.de\/wordpress\/index.php?rest_route=\/wp\/v2\/users\/1"}],"replies":[{"embeddable":true,"href":"https:\/\/www.hausaerzte-flensburg.de\/wordpress\/index.php?rest_route=%2Fwp%2Fv2%2Fcomments&post=1146"}],"version-history":[{"count":3,"href":"https:\/\/www.hausaerzte-flensburg.de\/wordpress\/index.php?rest_route=\/wp\/v2\/pages\/1146\/revisions"}],"predecessor-version":[{"id":1149,"href":"https:\/\/www.hausaerzte-flensburg.de\/wordpress\/index.php?rest_route=\/wp\/v2\/pages\/1146\/revisions\/1149"}],"up":[{"embeddable":true,"href":"https:\/\/www.hausaerzte-flensburg.de\/wordpress\/index.php?rest_route=\/wp\/v2\/pages\/26"}],"wp:attachment":[{"href":"https:\/\/www.hausaerzte-flensburg.de\/wordpress\/index.php?rest_route=%2Fwp%2Fv2%2Fmedia&parent=1146"}],"curies":[{"name":"wp","href":"https:\/\/api.w.org\/{rel}","templated":true}]}}